1 divide 7315927958?
True
Is 23970912 a multiple of 672?
True
Is 693 a factor of 11168177?
False
Is 4329708951 a multiple of 2152?
False
Is 14228244 a multiple of 27?
True
Is 3381 a factor of 352428678?
True
Does 30 divide 49528956?
False
Is 103093458 a multiple of 6?
True
Is 48350412 a multiple of 99?
True
Is 28 a factor of 120184193?
False
Is 14 a factor of 107332123?
False
Is 2070606969 a multiple of 2889?
True
Is 569 a factor of 586259477?
True
Is 22 a factor of 33293898?
True
Is 27985188 a multiple of 372?
True
Does 1014 divide 1001238440?
False
Is 41647824 a multiple of 848?
True
Does 13 divide 7624124?
False
Is 4066 a factor of 72557770?
True
Is 343 a factor of 72589090?
True
Does 3954 divide 371248968?
True
Is 214 a factor of 1873866512?
False
Is 124050146 a multiple of 270?
False
Is 388547259 a multiple of 43?
False
Does 734 divide 21023228?
True
Is 851 a factor of 124345012?
False
Is 131297334 a multiple of 1722?
True
Does 18 divide 10888884?
True
Is 7 a factor of 2814871591?
True
Is 59 a factor of 58322444?
True
Does 37 divide 725291945?
True
Is 41458824 a multiple of 198?
True
Is 30254465 a multiple of 3403?
False
Does 581 divide 24613484?
True
Is 1460 a factor of 614386980?
True
Is 4039385 a multiple of 538?
False
Is 3332398214 a multiple of 337?
True
Is 3255189706 a multiple of 361?
True
Does 41 divide 5677065?
True
Is 1505260695 a multiple of 723?
True
Is 1239746151 a multiple of 10737?
False
Does 42 divide 51473689?
False
Is 46147170 a multiple of 1290?
True
Does 10 divide 303578521?
False
Is 1047 a factor of 1884344011?
False
Does 8 divide 137311330?
False
Does 25 divide 214297455?
False
Is 757 a factor of 23441262?
True
Is 59 a factor of 42672977?
False
Is 328550794 a multiple of 143?
True
Is 9324 a factor of 3752648928?
True
Is 8 a factor of 57376376?
True
Is 2616161731 a multiple of 17?
False
Does 43 divide 31727201?
False
Is 142795056 a multiple of 423?
False
Is 277615363 a multiple of 11?
False
Does 6207 divide 1169920188?
True
Is 7 a factor of 126175588?
True
Is 1332 a factor of 1983025?
False
Is 136 a factor of 75350664?
True
Is 8609 a factor of 700608590?
False
Is 7 a factor of 453287408?
True
Is 35 a factor of 32450670?
True
Is 5761899 a multiple of 363?
True
Is 8200530 a multiple of 4?
False
Is 69 a factor of 1686329582?
False
Is 71984399 a multiple of 443?
True
Is 738466938 a multiple of 231?
False
Does 13 divide 417365689?
True
Does 38 divide 6572176?
True
Is 872017 a multiple of 2?
False
Is 1562013471 a multiple of 4762?
False
Is 49423894 a multiple of 1439?
True
Does 844 divide 203192156?
True
Does 8 divide 138792019?
False
Is 30 a factor of 118741560?
True
Is 284127360 a multiple of 10?
True
Is 602971250 a multiple of 8750?
True
Is 1503 a factor of 106369309?
False
Does 1315 divide 112538997?
False
Does 39 divide 23960781?
True
Does 15 divide 268068469?
False
Is 614 a factor of 2381706?
True
Is 2809495259 a multiple of 2956?
False
Is 205 a factor of 70097290?
True
Is 281961175 a multiple of 985?
True
Is 165029495 even?
False
Is 548 a factor of 6055941?
False
Is 4245035176 a multiple of 152?
True
Is 202857746 a multiple of 686?
True
Is 19858761 a multiple of 13?
True
Does 655 divide 6414415?
True
Does 3147 divide 87023757?
False
Does 38 divide 70357646?
True
Is 5 a factor of 26151940?
True
Is 10917191 a multiple of 101?
True
Is 85 a factor of 51896055?
False
Is 20 a factor of 4486200?
True
Is 13 a factor of 434059743?
True
Is 36641200 a multiple of 188?
True
Does 8 divide 8515414?
False
Does 199 divide 6996734768?
False
Is 18 a factor of 36078054?
False
Is 1111794 a multiple of 63?
False
Is 543 a factor of 420258108?
True
Is 1461639900 a multiple of 60?
True
Does 78 divide 256744878?
True
Is 2698931653 a multiple of 3891?
False
Is 19261504 a multiple of 16?
True
Does 8 divide 101405897?
False
Is 40452990 a multiple of 1051?
True
Is 30144870 a multiple of 2065?
True
Is 105876904 a multiple of 53?
False
Is 309672090 a multiple of 1365?
True
Is 233 a factor of 45966939?
True
Does 119 divide 1964950015?
True
Does 691 divide 241005226?
False
Is 354 a factor of 107268451?
False
Is 400252488 a multiple of 19?
False
Is 70 a factor of 7918718?
False
Is 1077 a factor of 2639234811?
True
Does 1494 divide 69774824?
False
Is 43 a factor of 12951385?
True
Is 499 a factor of 3072970?
False
Is 376409690 a multiple of 40?
False
Does 29 divide 46159278?
False
Is 439 a factor of 78127513?
True
Is 31828620 a multiple of 212?
True
Does 52 divide 10689369?
False
Is 45 a factor of 228338370?
True
Does 75 divide 54119631?
False
Is 19 a factor of 8784745?
True
Is 803197 a multiple of 43?
True
Does 1884 divide 29674884?
True
Does 609 divide 361601164?
False
Is 48 a factor of 116194704?
True
Does 675 divide 2313025068?
False
Is 442 a factor of 968436?
False
Is 554 a factor of 132074212?
False
Is 2858139 a multiple of 12?
False
Is 1203 a factor of 31781285?
False
Does 27 divide 59313357?
True
Does 401 divide 98522519?
False
Does 6 divide 1865238?
True
Does 10 divide 46418556?
False
Is 723004215 a multiple of 3093?
True
Does 14 divide 63860566?
True
Does 1604 divide 249777117?
False
Does 211 divide 162288323?
False
Is 11 a factor of 2793549?
True
Does 20 divide 95520609?
False
Does 121 divide 136386481?
True
Does 844 divide 181515103?
False
Is 1668 a factor of 2094471625?
False
Is 1957830342 a multiple of 39?
True
Is 1440548332 a multiple of 13?
False
Is 620 a factor of 14640680?
True
Is 9627 a factor of 1434182325?
True
Does 24 divide 89283396?
False
Is 9 a factor of 17312176?
False
Is 4840 a factor of 327571200?
True
Is 834982872 a multiple of 457?
True
Is 35 a factor of 3994515490?
True
Is 921157008 a multiple of 428?
True
Is 16988271 a multiple of 7?
False
Is 815017999 a multiple of 70?
False
Is 42458744 a multiple of 396?
False
Does 12 divide 82064539?
False
Is 35610872 a multiple of 296?
True
Is 3641 a factor of 2792647?
True
Does 25 divide 1480302661?
False
Is 303307713 a multiple of 9?
True
Does 5560 divide 697969040?
True
Does 1222 divide 632353275?
False
Is 2482848799 a multiple of 14?
False
Is 112050726 a multiple of 141?
True
Does 32 divide 11204077?
False
Does 12 divide 36654590?
False
Is 377 a factor of 2141737?
True
Is 30 a factor of 40413349?
False
Is 13 a factor of 133507907?
True
Does 565 divide 1082250720?
True
Is 1747 a factor of 32271756?
False
Is 485 a factor of 2289526857?
False
Is 322270296 a multiple of 37?
True
Is 13537417 a multiple of 67?
True
Is 1420 a factor of 315291750?
False
Is 29905865 a multiple of 5?
True
Does 117 divide 233013281?
False
Is 451237293 a multiple of 12?
False
Is 17920348 a multiple of 38?
False
Is 1526 a factor of 411273402?
False
Is 58 a factor of 107295094?
False
Does 4 divide 81556?
True
Does 12 divide 1988499470?
False
Is 15 a factor of 413376954?
False
Is 15848663 a multiple of 11?
False
Does 82 divide 82599068?
False
Is 18 a factor of 952216092?
True
Is 1547 a factor of 376027397?
False
Does 2418 divide 238439062?
False
Is 196381294 a multiple of 40?
False
Is 58564086 a multiple of 7?
True
Is 22 a factor of 9945474?
True
Is 50722877 a multiple of 58?
False
Is 53 a factor of 1584496957?
True
Is 95 a factor of 177702999?
False
Does 13 divide 13812409?
True
Does 922 divide 47727330?
True
Is 39707383 a multiple of 8?
False
Does 329 divide 766875312?
True
Is 6 a factor of 13365190?
False
Is 13 a factor of 2016469?
True
Is 173768752 a multiple of 16?
True
Is 35723544 a multiple of 686?
False
Is 59475762 a multiple of 54?
True
Is 44757099 a multiple of 769?
False
Is 72 a factor of 85707337?
False
Does 9 divide 17034273?
True
Is 12116311 a multiple of 2?
False
Is 49752366 a multiple of 6?
True
Is 17 a factor of 1118185915?
False
Is 1752293192 a multiple of 268?
False
Does 55 divide 2536875?
True
Is 5 a factor of 12167890?
True
Does 519 divide 372214863?
True
Is 233946889 a multiple of 6?
False
Is 88017687 a multiple of 107?
False
Is 2573 a factor of 3200822292?
True
Does 5716 divide 626100397?
False
Is 12 a factor of 94603212?
True
Does 655 divide 16045675?
False
Does 118 divide 275437842?
True
Does 1084 divide 65744709?
False
Is 1253 a factor of 2609999?
True
Is 230244783 a multiple of 6?
False
Does 588 divide 11670111?
False
Does 23 divide 24068603?
True
Does 628 divide 85129168?
True
I